s 50 divide 4250?
True
Does 60 divide 8632?
False
Does 82 divide 1476?
True
Is 36458 a multiple of 197?
False
Is 7754 a multiple of 20?
False
Is 240 a factor of 10699?
False
Does 126 divide 9828?
True
Does 31 divide 1974?
False
Does 23 divide 5842?
True
Is 91260 a multiple of 13?
True
Is 17 a factor of 8721?
True
Is 213 a factor of 58575?
True
Does 28 divide 12415?
False
Is 4284 a multiple of 84?
True
Does 66 divide 924?
True
Does 72 divide 288?
True
Does 39 divide 1034?
False
Is 2560 a multiple of 64?
True
Is 705 a multiple of 15?
True
Does 10 divide 3190?
True
Does 17 divide 14334?
False
Is 9 a factor of 36?
True
Does 3 divide 641?
False
Is 6 a factor of 50488?
False
Is 43516 a multiple of 29?
False
Does 24 divide 8071?
False
Does 35 divide 490?
True
Is 29 a factor of 3032?
False
Is 4572 a multiple of 36?
True
Does 16 divide 290?
False
Is 70 a factor of 9170?
True
Does 21 divide 63?
True
Is 1756 a multiple of 166?
False
Is 288 a multiple of 32?
True
Is 33124 a multiple of 13?
True
Does 30 divide 3503?
False
Is 7 even?
False
Does 8 divide 4602?
False
Is 18 a factor of 216?
True
Does 5 divide 1617?
False
Does 139 divide 8201?
True
Is 94 a factor of 1871?
False
Is 9501 a multiple of 25?
False
Is 52 a factor of 1196?
True
Does 33 divide 1154?
False
Does 11 divide 139381?
True
Does 24 divide 889?
False
Is 9115 even?
False
Does 45 divide 9112?
False
Is 19092 a multiple of 258?
True
Does 15 divide 213?
False
Does 58 divide 44545?
False
Is 11 a factor of 2088?
False
Is 94 a factor of 244?
False
Is 158 a factor of 10862?
False
Is 5 a factor of 8183?
False
Is 33 a factor of 25080?
True
Does 76 divide 11470?
False
Does 12 divide 7254?
False
Is 2368 a multiple of 74?
True
Is 3 a factor of 239?
False
Is 11737 a multiple of 97?
True
Does 14 divide 2969?
False
Is 52 a factor of 728?
True
Is 15 a factor of 630?
True
Does 20 divide 132?
False
Is 76 a multiple of 13?
False
Does 62 divide 2440?
False
Does 7 divide 315?
True
Does 23 divide 10235?
True
Does 17 divide 2645?
False
Is 54 a factor of 17316?
False
Does 5 divide 126?
False
Is 57083 a multiple of 13?
True
Is 58 a factor of 5046?
True
Is 12 a factor of 1416?
True
Is 27 a multiple of 14?
False
Does 99 divide 14022?
False
Does 58 divide 991?
False
Is 39 a factor of 37830?
True
Does 15 divide 808?
False
Is 46 a factor of 452?
False
Is 12036 a multiple of 118?
True
Is 34 a factor of 238?
True
Is 34730 a multiple of 23?
True
Does 26 divide 10272?
False
Is 29 a factor of 3828?
True
Does 11 divide 583?
True
Is 147417 a multiple of 321?
False
Is 315 a multiple of 21?
True
Is 8 a factor of 2000?
True
Is 61 a multiple of 3?
False
Does 4 divide 44065?
False
Is 44 a factor of 836?
True
Is 48 a factor of 8448?
True
Is 10 a factor of 1700?
True
Does 80 divide 3600?
True
Is 27 a factor of 9985?
False
Does 18 divide 162522?
True
Does 5 divide 1720?
True
Does 26 divide 49?
False
Is 275 a multiple of 11?
True
Is 11711 a multiple of 49?
True
Does 83 divide 3339?
False
Is 14 a factor of 6258?
True
Does 18 divide 3978?
True
Is 39 a factor of 19461?
True
Is 23534 a multiple of 41?
True
Does 62 divide 97650?
True
Is 52 a factor of 12883?
False
Is 54 a factor of 1512?
True
Does 80 divide 2190?
False
Does 23 divide 7590?
True
Does 18 divide 25413?
False
Does 22 divide 571?
False
Does 43 divide 85957?
True
Does 4 divide 23924?
True
Does 17 divide 479?
False
Is 2760 a multiple of 23?
True
Is 7 a factor of 27398?
True
Is 42 a factor of 2310?
True
Is 3 a factor of 6366?
True
Does 29 divide 1276?
True
Is 16 a factor of 2050?
False
Is 104 a factor of 1444?
False
Does 10 divide 135700?
True
Is 290 a multiple of 21?
False
Is 97 a factor of 17460?
True
Is 16912 a multiple of 112?
True
Is 6 a factor of 192?
True
Is 4 a factor of 64?
True
Is 34 a factor of 204?
True
Is 9 a factor of 731?
False
Is 4 a factor of 6484?
True
Is 318 a multiple of 2?
True
Is 1340 a multiple of 67?
True
Is 201 a multiple of 38?
False
Is 2444 a multiple of 14?
False
Does 17 divide 32146?
False
Does 37 divide 7045?
False
Does 83 divide 15936?
True
Does 26 divide 15653?
False
Is 200 a multiple of 2?
True
Is 55 a factor of 605?
True
Is 9 a factor of 4267?
False
Is 25 a factor of 200?
True
Is 684 a multiple of 9?
True
Does 118 divide 26786?
True
Is 39 a factor of 1016?
False
Does 7 divide 252?
True
Is 5 a factor of 4006?
False
Does 37 divide 2511?
False
Does 9 divide 765?
True
Does 7 divide 692?
False
Is 1871 a multiple of 44?
False
Is 2 a factor of 18609?
False
Is 334 a multiple of 111?
False
Does 5 divide 3161?
False
Is 13 a factor of 78292?
False
Is 257 a factor of 44652?
False
Is 1431 a multiple of 9?
True
Does 33 divide 109332?
False
Does 26 divide 15990?
True
Is 1500 a multiple of 15?
True
Does 20 divide 60704?
False
Is 41 a factor of 889?
False
Is 3140 a multiple of 66?
False
Is 365 a multiple of 26?
False
Does 14 divide 215?
False
Does 28 divide 13950?
False
Is 124 a multiple of 9?
False
Is 30 a factor of 1795?
False
Is 982 a multiple of 36?
False
Is 8 a factor of 2044?
False
Is 551 even?
False
Is 19 a factor of 57?
True
Is 4 a factor of 665?
False
Does 5 divide 2111?
False
Is 2592 a multiple of 16?
True
Is 13 a factor of 273?
True
Is 14 a factor of 564?
False
Is 15912 a multiple of 156?
True
Is 11 a factor of 11143?
True
Does 3 divide 75?
True
Is 154 a factor of 22583?
False
Does 7 divide 998?
False
Is 11 a factor of 73?
False
Is 1116 a multiple of 12?
True
Does 293 divide 50689?
True
Is 196 a multiple of 14?
True
Is 292 a multiple of 6?
False
Is 15204 a multiple of 82?
False
Is 20869 a multiple of 16?
False
Is 1664 a multiple of 52?
True
Is 8 a factor of 1776?
True
Does 54 divide 133?
False
Is 89212 a multiple of 107?
False
Is 12027 a multiple of 57?
True
Does 70 divide 4830?
True
Is 97 a factor of 4692?
False
Is 74 a factor of 3478?
True
Is 71316 a multiple of 12?
True
Is 20 a factor of 1586?
False
Is 168 a multiple of 12?
True
Is 5414 a multiple of 15?
False
Is 6 a factor of 2985?
False
Does 55 divide 1925?
True
Is 5 a factor of 531?
False
Is 784 a multiple of 18?
False
Is 26 a factor of 3315?
False
Is 10458 a multiple of 5?
False
Does 62 divide 4908?
False
Is 12 a factor of 3588?
True
Does 92 divide 42892?
False
Is 18 a factor of 7893?
False
Does 48 divide 1824?
True
Is 111 a multiple of 5?
False
Is 39 a factor of 36621?
True
Does 23 divide 989?
True
Does 58 divide 3596?
True
Does 27 divide 2395?
False
Is 19 a factor of 890?
False
Is 15 a factor of 63885?
True
Is 1071 a multiple of 17?
True
Is 12 a factor of 2376?
True
Does 12 divide 288?
True
Does 7 divide 161?
True
Is 72827 a multiple of 23?
False
Is 1110 a multiple of 30?
True
Is 385 a multiple of 5?
True
Does 16 divide 61646?
False
Is 28 a factor of 5740?
True
Is 39 a factor of 9360?
True
Is 3533 a multiple of 19?
False
Is 39 a factor of 3464?
False
Is 29 a factor of 2291?
True
Does 58 divide 3828?
True
Is 40419 a multiple of 186?
False
Is 14013 a multiple of 12?
False
Is 70 a factor of 2337?
False
Is 553 a multiple of 16?
False
Is 3177 a multiple of 9?
True
Is 17 a factor of 86043?
False
Does 88 divide 45760?
True
Is 2654 a multiple of 9?
False
Is 11253 a multiple of 93?
True
Is 99 a factor of 47021?
False
Is 806 a multiple of 64?
False
Is 13 a factor of 156?
True
Does 46 divide 690?
True
Is 180 a multiple of 9?
True
Is 7 a factor of 612?
False
Is 69284 a multiple of 23?
False
Is 17 a factor of 8576?
False
Is 2 a factor of 1598?
True
Is 3 a factor of 40739?
False
Does 48 divide 18192?
True
Is 13874 a multiple of 4?
False
Is 1129 a multiple of 8?
False
Is 13 a factor of 52?
True
Does 4 divide 108?
True
Does 37 divide 1924?
True
Is 30 a factor of 840?
True
Is 16 a factor of 1491?
False
Is 8700 a multiple of 29?
True
Is 514 a multiple of 4?
False
Does 92 divide 870?
False
Does 7 divide 15603?
True
Is 15 a factor of 2475?
True
Does 24 divide 3000?
True
Is 52 a factor of 92?
False
Does 224 divide 13223?
False
Does 10 divide 31710?
True
Does 66 divide 1122?
True
Is 1288 a multiple of 23?
True
Is 15581 a multiple of 65?
False
Does 21 divide 966?
True
Is 33063 a multiple of 103?
True
Is 3819 a multiple of 16?
False
Does 7 divide 553?
True
Does 92 divide 12103?
False
Is 5872 a multiple of 4?
True
Is 4 a factor of 9233?
False
Is 173 a multiple of 2?
False
Is 7039 a multiple of 17?
False
Is 121992 a multi